- 12964 = -b, 5*j = 0. What are the prime factors of b?
7, 463
Suppose 0 = -3*x - 3 - 0. Let q = 9 + x. Suppose 25 - q = a. List the prime factors of a.
17
Let l = -73 - -76. Suppose -l*m + 2*j + 536 = 0, -5*m + 2*j = -9*m + 724. What are the prime factors of m?
2, 3, 5
Let s(q) = -38*q + 244. What are the prime factors of s(-7)?
2, 3, 5, 17
Let y(j) = 429*j - 120. What are the prime factors of y(3)?
3, 389
Let m(p) = 99*p**2 - 11*p - 11. What are the prime factors of m(-6)?
7, 11, 47
Let p = -12 - -18. Suppose -p*g = -8*g + 30. What are the prime factors of g?
3, 5
Suppose -2*h - 1532 = -4*z + 2*z, -5*z - 4*h = -3866. List the prime factors of z.
2, 5, 7, 11
Let z = 173 - -111. List the prime factors of z.
2, 71
Suppose 0 = -4*o - o + 85. Suppose 81 = z + o. List the prime factors of z.
2
Suppose 14 = 3*s - 2*v, -4*s + 3*s - 3*v = -1. Suppose -14*c + s = -13*c. Suppose 3*k - f - f - 232 = 0, c*k = 2*f + 308. What are the prime factors of k?
2, 19
Let g(d) = d**3 - 7*d**2 - 3*d + 4. Let y = 24 - 17. Let b be g(y). Let s = -14 - b. List the prime factors of s.
3
Let f be (1026/(-30))/((-2)/10). Let m = f + 78. What are the prime factors of m?
3, 83
Let s(r) = r - 16. Let d be s(23). What are the prime factors of (-127 - d)*1/(-2)?
67
Suppose 0 = 4*q - 4*h + 2*h - 426, -330 = -3*q - 2*h. List the prime factors of q.
2, 3
Suppose 4*y + 3*f + 710 = 115, -3*f = -5*y - 710. Let i be 4/(-28) - y/35. Suppose -i*n + 3*c = -0*n - 162, 0 = -2*n + 4*c + 76. List the prime factors of n.
2, 3, 7
Let l(k) = k**3 - 6*k**2 + 8*k. Let p be l(4). Suppose 4 + p = n, 2*n - 32 = -4*v. Suppose 3*x = 3*i - 30, 4*i - v = -4*x + 10. What are the prime factors of i?
7
Let d(t) = -6 + 5*t + 11*t**2 + 8 - 6*t. List the prime factors of d(-3).
2, 13
Let p be (-5)/(-10)*(180 + (3 - 1)). Let b = -23 + p. List the prime factors of b.
2, 17
Let b(p) = -p + 5. Let i be b(-4). Let z be ((-6)/i)/((-4)/(-618)). Let l = -61 - z. What are the prime factors of l?
2, 3, 7
Let t be (-3 - -3)*3/6 + 2. Let z(d) = 17*d - 3. What are the prime factors of z(t)?
31
Suppose 3*j = -4*c + 11 + 18, -c = -2*j - 10. Let a be 1/(-4) - (-66)/c. What are the prime factors of (-45)/(-2)*a/6?
2, 3, 5
Let u = -1889 - -2757. What are the prime factors of u?
2, 7, 31
Let g(r) = 158*r + 17. What are the prime factors of g(5)?
3, 269
Suppose -4*l - 21 + 13 = 0. Let t = 4 + l. Suppose -2*q - 5*c = -83, t*q + 2*c - 5*c = 91. List the prime factors of q.
2, 11
Let z = -260 - -417. What are the prime factors of z?
157
Let v(c) = 143*c + 405. List the prime factors of v(20).
5, 653
Suppose 5*w - 5*b = 35 + 160, 2*b - 195 = -5*w. Suppose -w = -3*r - 5*p, 0 = 5*r + 4*p + 28 - 80. Suppose 2*v - 36 = -r. List the prime factors of v.
2, 7
Suppose -2*h + 4*s + 544 = 0, -10*s = 2*h - 6*s - 528. What are the prime factors of h?
2, 67
Let v be (-8)/3*(12 - 6). Let f(m) = -21*m**3 - m**2 + 2. Let k be f(-1). Let s = k + v. List the prime factors of s.
2, 3
Suppose -10*a = -6*a - k - 232, 2*a - 134 = -4*k. What are the prime factors of a?
59
Let u = 8 - -2. Let s be (15/u)/(2/(-16)). Let m = s - -32. List the prime factors of m.
2, 5
Suppose -80*s - 13*s = -214737. List the prime factors of s.
2309
Let l(v) = -v**3 - 4*v**2 + 9. Let a be l(-4). Let h(m) = -m**3 + 8*m**2 + 11*m - 16. What are the prime factors of h(a)?
2
Let u be -1 - (2 + -9 + 0). Let f be (-3)/2*(-16)/u. Let k = f - -5. What are the prime factors of k?
3
Suppose -2*l + 16 = 5*z, -2*z - l - 2 = -3*l. Suppose -3*d - z*d - 4*x + 150 = 0, -d + 49 = -3*x. List the prime factors of d.
2, 17
Let s be (-6)/(-5) + 1/(-5). Let n(m) = 753*m + 0 + 2 - 757*m + 4*m**2. List the prime factors of n(s).
2
Suppose -3*o + 0*o = -1143. What are the prime factors of o?
3, 127
Suppose 12 - 2 = -5*m. Let l be ((-3)/(-5))/(m/(-10)). Suppose -2*r + 115 = l*r. What are the prime factors of r?
23
Suppose -5*d - 3640 = -3*w, 77*w - 75*w + 5*d = 2435. List the prime factors of w.
3, 5
Let j = 142 - 237. Let p = -84 - j. What are the prime factors of p?
11
Suppose z + 2*z = 9. Suppose k + 44 = r + 5*k, 0 = -z*k - 12. What are the prime factors of r?
2, 3, 5
Suppose -231 = -4*k - 3*f, 3*k + k - 223 = 5*f. Suppose -5*u = c + 24, c + 5*u + 18 = 2*u. Let z = c + k. What are the prime factors of z?
2, 3
Suppose -5*y = -3*m + 26, -6 = -m - 0*y + y. List the prime factors of 774/4 - ((-7)/2 + m).
3, 5, 13
Suppose 12*d - 151 = 4325. List the prime factors of d.
373
Let r(f) = 63*f - 425. List the prime factors of r(46).
2473
Suppose p = -4, -36 + 2 = -r + 4*p. Suppose -24*w = -r*w - 42. What are the prime factors of w?
7
Suppose 0*c = 10*c - 27820. List the prime factors of c.
2, 13, 107
Suppose -6*p + 15 = -57. Let z be (-3)/((-9)/30) + 0. Suppose -52 = -2*w - 2*b - z, -p = -w - 4*b. What are the prime factors of w?
2, 3
Let j = 157 + -85. Suppose -5*r + 272 = j. Suppose 3*t - 4*t = o - 8, r = 5*o - 3*t. What are the prime factors of o?
2
Let g = 9 + 18. Let v = -24 + g. Suppose v*n - y - 104 = -2*y, -38 = -n + 3*y. What are the prime factors of n?
5, 7
List the prime factors of 9004/6 + (-15)/(-45).
19, 79
Let s be 1/2*-2*-1. Suppose 0 = 3*v - 6, x + 5*v + s - 62 = 0. List the prime factors of x.
3, 17
Let x(b) = 21*b + 4. Let z be x(-4). Let d = 271 + z. List the prime factors of d.
191
Let j(l) = 11*l**2 - 27*l + 60. Let y(q) = 6*q**2 - 13*q + 30. Let v(t) = 4*j(t) - 7*y(t). List the prime factors of v(13).
3, 7
Let m = 4 + -1. Suppose -m*d + 0 + 783 = 0. List the prime factors of d.
3, 29
Suppose 5*x + 8 = -k + 27, 3*k + 15 = 3*x. Suppose -y - 6 + 10 = 0, 181 = c + x*y. What are the prime factors of c?
3, 5, 11
Suppose -5*w + 18 + 24 = 4*d, -4*w - 4*d + 32 = 0. Suppose -w = -4*t - 6. What are the prime factors of t + -4 - 38*-1?
5, 7
Suppose 4*x + 2353 = -8*a + 9*a, -a - 3*x + 2318 = 0. List the prime factors of a.
2333
Let b = 21 + -21. Let z(u) = -u**2 + 2*u + 5. Let n be z(b). Suppose 4*l = -x + 18, -n*x - 2*l - 3*l + 45 = 0. List the prime factors of x.
2, 3
Let l(b) = 49*b - 349. List the prime factors of l(60).
2591
Let a(w) = 302*w + 6. Let f be a(1). What are the prime factors of -5 - 3/((-6)/f)?
149
Let b(h) = 5*h + 20. Let c be b(-4). Suppose 6*a + 124 - 928 = c. What are the prime factors of a?
2, 67
What are the prime factors of 11338/9 + ((-6)/27)/(-1)?
2, 3, 5, 7
Suppose -9*l - 4*l + 21099 = 0. List the prime factors of l.
3, 541
Let x = 13 + -12. Let s be 5/(x/((-6)/(-15))). Suppose -s*b - 41 = -3*b. List the prime factors of b.
41
Let b(a) = -2*a + 1. Suppose 4*q - o + 10 + 9 = 0, q + 4*o + 9 = 0. Let n be b(q). Let x(y) = y + 1. List the prime factors of x(n).
2, 3
Suppose 4*z - 3956 = 31*g - 26*g, -5*g = -3*z + 2967. What are the prime factors of z?
23, 43
Let t = 3 + -3. Suppose -4*w + 112 = -4*p, -w = -0*p - 2*p - 33. Suppose 3*q = -2*g + 91, t = -4*q - 3*g + 99 + w. What are the prime factors of q?
29
Let t = -4594 + 7356. List the prime factors of t.
2, 1381
Suppose 0*l + 44 = -4*c + 3*l, -4*c - 72 = 4*l. List the prime factors of (-5491)/(-133) - (-4)/c.
41
Suppose 5*i - i = 5*m - 252, 154 = 3*m - i. Suppose 0 = -12*h + 17*h - 70. Let n = m - h. What are the prime factors of n?
2, 19
Let p(x) = 16*x**2 - x + 2. Let v be p(-3). Let q = -85 + v. What are the prime factors of q?
2
Let g be 622/8 + 1/4. Suppose -2*y - 9 = -5*y. Suppose -35 = -2*z + y*a, -5*z + 3*a - 5*a = -g. List the prime factors of z.
2
Let p = 484 - 50. List the prime factors of p.
2, 7, 31
Let j(z) = -z**2 - 24*z - 9. Let y = 16 - 35. What are the prime factors of j(y)?
2, 43
Suppose 4*a - 6040 = -3*q - 1638, 3*a - 3 = 0. List the prime factors of q.
2, 733
Suppose -3*r = r - 280. Suppose -2*c + 150 = -r. List the prime factors of c.
2, 5, 11
Suppose 0 = 10*h - 7*h. Let j(o) be the third derivative of -o**6/120 - o**5/60 - o**4/12 + 13*o**3/2 + 2*o**2. List the prime factors of j(h).
3, 13
Suppose 0*v - v - 3*f + 17 = 0, -4*v = -3*f + 7. Suppose s + 3*d = 147, 0 = v*d + 2*d - 4. What are the prime factors of s?
2, 3
Let r(s) = 384*s + 1385. List the prime factors of r(7).
4073
Let r = 417 + -197. What are the prime factors of r?
2, 5, 11
Let n = -4 + 6. Suppose -1 - 19 = 5*v. What are the prime factors of (n - 4)/(v/26)?
13
Let w(d) = d**3 - 3*d**2 + d + 1. Let l be w(3). Suppose 0*h = -l*p -